 are the prime factors of r(-22)?
5, 2503
Let r be 2/6 + (-700)/(-15). Let h = r + 326. List the prime factors of h.
373
Let g be (1 - 0)*2/2. List the prime factors of (2 - 7)/((g - 3)/78).
3, 5, 13
List the prime factors of ((-2872)/(-16)*117)/(-1*3/(-6)).
3, 13, 359
Suppose 5*m + o - 4 = 0, -84*m = -79*m - 2*o + 8. Suppose -k - 2*k - 16 = -u, -5*k + 3*u - 28 = 0. List the prime factors of m + ((-30)/1)/k.
2, 3
List the prime factors of (-840315)/70*2/(-3).
53, 151
List the prime factors of (-6)/(-4) - (-1 - 0)*2608936/176.
5, 593
Let g be (0/((-16)/(-4)))/3 - -4. Suppose 0 = -y + g*b + 22, 0 = 3*y - 4*b + b - 21. Suppose 0 = y*k - 85 - 167. What are the prime factors of k?
2, 3, 7
Suppose 17*c - 13 - 174 = 0. Suppose 1295 = c*i - 9848. List the prime factors of i.
1013
Let w = 28 - 1. Suppose -r = -5*i + w - 763, -5*r + 4*i = -3659. What are the prime factors of r?
17, 43
Let f be -4 + (2 - (-2)/(-3)*-3). Suppose 4*g - y - 11 = 0, 4*y + 12 = -f*y. Suppose 3*b - g*n - 601 = 0, 4*n + 164 + 53 = b. List the prime factors of b.
197
Suppose -8 = -43*i + 39*i. Let h = -6 + 8. Suppose 3*c = -u + 85, -5*c + i*c = h*u - 80. List the prime factors of c.
2, 3, 5
Suppose 5*n - 1243 = 302. Let c(p) = 127*p**2 + 16*p - 3. Let h be c(2). Let s = h - n. List the prime factors of s.
2, 3, 19
Let p = 14025 + 36469. What are the prime factors of p?
2, 25247
Suppose -4*p + 44513 = z, 289*p = -4*z + 285*p + 178004. List the prime factors of z.
44497
Let t(n) = 6*n**3 - 15*n**2 - 9*n + 2. Let k(f) = -9 + 12 - 10*f - f**3 - 15*f**2 + 8*f**3. Let o(w) = 5*k(w) - 6*t(w). List the prime factors of o(15).
3, 7
Suppose -190 = -k + 5*n, -n = 2*k - 4*n - 373. Let b be 2 - (2 + (-2 - 1)). Suppose -c = 5*d - k, 0 = -b*c - 0*d - d + 541. What are the prime factors of c?
2, 3, 5
Suppose 2*k + 1 = k. Let z be k - ((-4)/1 + 1). Suppose 0*r - 132 = -z*r. What are the prime factors of r?
2, 3, 11
Suppose -7 + 4 = 3*d, 5*d + 14 = -3*b. Let c(u) = -2*u**2 - 8 + 2*u - 9*u**2 + 18*u**2 + 2. List the prime factors of c(b).
3, 17
Let z be (8/6)/((-28)/168). Let k(h) = h**3 + 12*h**2 + 21*h - 15. What are the prime factors of k(z)?
73
Let w(i) be the second derivative of i**3/3 + 47*i**2/2 + 20*i + 1. What are the prime factors of w(8)?
3, 7
Let c be 3/((-6)/452)*2/4. Let g = -108 - c. Suppose 306 = g*u + a, a + a = -4*u + 240. List the prime factors of u.
2, 31
Suppose -64*m + 244819 = -156141. What are the prime factors of m?
5, 7, 179
Let c(q) = 42*q**2 + 938*q + 125. List the prime factors of c(-47).
48817
Let v = -140 + 126. Let u(y) = -4*y - 44. Let g be u(v). What are the prime factors of (g/8)/((-2)/(-116))?
3, 29
Suppose f - 5*z - 31 - 2813 = 0, 3*z = f - 2850. What are the prime factors of f?
3, 953
Let d = 323 + -314. Let p(r) = 2*r**3 - 11*r**2 - 12*r + 15. List the prime factors of p(d).
2, 3, 79
Suppose 28*d - 23 = 33. Suppose -d*q + 2*m = -762, -19*q + 22*q - 4*m - 1146 = 0. List the prime factors of q.
2, 3, 7
Let k = 13 + -65. Let s = 19 + k. Let h = s - -62. List the prime factors of h.
29
Suppose -4*o = 5*y + 3872, -4*o + 6*y - 3904 = 3*y. Let w = o - -1917. What are the prime factors of w?
2, 59
Suppose -24*w = -148*w - 90*w + 2887288. List the prime factors of w.
2, 3373
Suppose -2*t - 21 = -139. Let o = t + -51. Suppose -2*a + 270 = o*a. List the prime factors of a.
3
Let b be (-6 + -1)*(-27760)/56. Suppose -5*m + 3495 = -0*m - 2*y, -5*m - 3*y + b = 0. List the prime factors of m.
17, 41
Let x(l) = 10*l**3 + 15*l**2 - 51*l + 92. List the prime factors of x(8).
2, 11, 131
List the prime factors of ((-15)/(-25))/3 - 2*(-161958)/20.
2, 4049
Suppose 47 = 10*z - 43. Suppose -714 = -j - g, 5*g = -z - 6. List the prime factors of j.
3, 239
Let a = 18 - 23. What are the prime factors of a - -1308 - (-7 + 4)?
2, 653
Let p(y) = 9 + y**3 + y**2 - 14*y + 5*y + 10*y. Let u be p(0). Suppose -2 - 52 = -u*c. List the prime factors of c.
2, 3
Suppose m + 3*n - 6 = 0, 0*n + n = 1. Let u be (6 - 3)/(m/165). Let s = u + 51. What are the prime factors of s?
2, 3
Suppose -47*k + 602 = -4*k. What are the prime factors of (-1711 - -5)*(-7)/k?
853
Let q(l) be the third derivative of -l**5/20 + 35*l**4/24 + 4*l**3/3 - 77*l**2. List the prime factors of q(6).
2, 5, 11
Let p be ((-1)/1)/(3/1071). Let a be ((-12)/7)/((-3)/p). List the prime factors of a/(-30)*-15*6/(-9).
2, 17
Let u = -9565 + 52070. List the prime factors of u.
5, 8501
Let x(l) = -52*l + 72. Let r be x(-9). Suppose -529*h = -r*h + 21934. List the prime factors of h.
2, 997
Suppose -2*u - 2801 = -3*c, 25*c - 1420 = u + 30*c. Let x = u + 2076. What are the prime factors of x?
11, 61
Let l(h) be the second derivative of -h**5/20 + 13*h**4/6 - 33*h**3/2 - 17*h**2/2 - 5*h - 13. What are the prime factors of l(13)?
19, 47
Suppose -21*a - 334560 = -83*a - 74*a. List the prime factors of a.
2, 3, 5, 41
Let q = -47 + 16. Let k = q + 34. Suppose -k*u + 3*s = -60, -2*s + 102 = 5*u - 6*s. What are the prime factors of u?
2, 11
Let r(f) = 16*f + 4. Let l be r(3). Let v = -55 + l. What are the prime factors of 3 + 16/(-6) - 293/v?
2, 7
Suppose -872*v = -881*v + 11574. What are the prime factors of v?
2, 643
Let g(l) = -1 + 71*l**2 - l + 5 + l**3 - 5 - 72*l**2. Let y(f) = -22*f**3 + f**2 + 5*f + 3. Let p(w) = 3*g(w) + y(w). List the prime factors of p(-2).
2, 5, 7
Let q = -5226 + 8025. What are the prime factors of q?
3, 311
Let l(g) = 4*g**2 + 31*g - 7. Let y be l(-8). List the prime factors of ((-27255)/(-230))/(2/(-4) + y).
3, 79
Let i be 3286/6 + 4/12. Suppose -i + 206 = -2*v. Let r = -63 + v. List the prime factors of r.
2, 3
Suppose -n - h + 15317 = -46738, 3*h + 248157 = 4*n. What are the prime factors of n?
2, 3, 383
What are the prime factors of (37/(-5) - -3)*(-1 + (-14098)/7)?
2, 11, 13, 31
Let l(g) = g**2 - 43*g + 11296. What are the prime factors of l(0)?
2, 353
Suppose 12*x - 5*q - 33755 = 7*x, -28 = -4*q. List the prime factors of x.
2, 31, 109
Let f be 6 - (-4)/(20/1565). Let r = 448 - f. What are the prime factors of r?
3, 43
Let n(m) = -41*m + 23. Let o be n(-15). Suppose -y - o = -2*y - 2*j, -5*j - 2526 = -4*y. Suppose 6*k - y = 674. What are the prime factors of k?
2, 109
Let v(g) = -3*g**3 + 120*g**2 - 64*g - 2. What are the prime factors of v(34)?
2, 3, 5, 23
List the prime factors of ((-8)/(-9))/(-4) - 2520705/(-297).
3, 23, 41
Suppose -1427246 = -375*k + 7741129. What are the prime factors of k?
23, 1063
Suppose -5*a + 5*p = -1 - 49, 4*a = 5*p + 44. List the prime factors of (a/9)/(28/7014).
167
List the prime factors of 31/434 - (-433604)/56.
3, 29, 89
Suppose 8*g = 8*g + 44*g - 825528. List the prime factors of g.
2, 3, 53, 59
Suppose -5*k + 37834 = 2*j, -4*k + 215*j = 216*j - 30266. List the prime factors of k.
2, 3, 13, 97
Suppose -2*s - 570 = -5*i + 4*i, 4*s = -5*i + 2822. What are the prime factors of (i/4)/((-11)/(-22))?
283
Let l(o) = 3*o**2 + 56*o - 25. Let i be l(-19). What are the prime factors of 197/(-4)*i*80/24?
5, 197
Let d(w) = -w**2 - 7*w - 8. Let o be 2/3 - ((-40)/(-6) - 2). Let v be d(o). Suppose -v*z - 3*q = -554, 4*z + q + 63 = 613. List the prime factors of z.
137
Let h = -328 - 740. Let n = h - -1573. Let c = n + -331. List the prime factors of c.
2, 3, 29
Suppose 5*y = 5*k + 9*y - 71, 5*y = 4*k - 65. Let v(i) = -i**3 + 19*i**2 + 10*i + 37. List the prime factors of v(k).
1087
Let x(b) = -124*b**2 - 169*b - 343. Let z be x(-2). Suppose -1954 = -3*d + 392. Let v = z + d. What are the prime factors of v?
281
Let c(j) = -503*j - 1570. List the prime factors of c(-30).
2, 5, 13
Suppose -p + 3*v = 7*v + 519, -p + 2*v - 525 = 0. Let z = p + 854. What are the prime factors of z?
331
Let i be (70/(-175))/((-1 + 0)/10). Suppose i*s - 4 = 0, 0 = v - 4*s + s. Suppose -165 = -v*b - 66. What are the prime factors of b?
3, 11
Suppose -996 = 3*l + 3*s, l + 2*s = -37 - 291. Let q = l - -830. What are the prime factors of q?
2, 13, 19
Suppose 5*k = 5*p - 119290, -5*p - 1490*k = -1486*k - 119335. List the prime factors of p.
7, 487
Suppose -5*o = 3*b - 43253, o = -4*b + 14205 - 5568. List the prime factors of o.
17, 509
Suppose -4*w + 8 = 0, -10*r = -12*r + 3*w - 16. Let j(d) = -3*d**2 - 15*d + 7. Let i be j(r). Suppose -98 = -i*k + 854. List the prime factors of k.
2, 17
Suppose 268696 = 446*x - 442*x - 7